41894. Is j prime?
False
Suppose -3*y = -h - 501216 - 54268, 4*y + 12*h - 740632 = 0. Is y a prime number?
True
Suppose -23*w = -856276 - 920727. Is w composite?
False
Let n = -83858 - -162919. Suppose n = 10*r + 21271. Is r prime?
True
Is 453498*3/((-15)/(-5)) + 5/1 prime?
False
Let n(v) = 12*v**3 - 7*v**2 - 31*v + 1. Suppose -23*s + 213 = 6. Is n(s) prime?
False
Is (246458/(-8))/((-27)/(-21 + 129)) prime?
True
Let l = -5805 - -8096. Is l a composite number?
True
Suppose -16*m - 140*m + 22316268 = 0. Is m a prime number?
True
Suppose -47114 + 1685868 = 26*o. Is o a composite number?
False
Suppose 5200 + 1277 = 17*h. Suppose -380*o - 10007 = -h*o. Is o a composite number?
False
Suppose -39*s + 3780872 = 561461. Is s a prime number?
True
Suppose -7491694 = -144*h + 22288514. Is h a prime number?
True
Let p(i) = -39*i - 77. Suppose 5*n + 7*y + 214 = 9*y, 0 = 4*n + y + 166. Is p(n) a prime number?
False
Suppose -6331 = -4*m - 0*j + 5*j, 4*m = 3*j + 6341. Let r = 4516 - m. Is r composite?
False
Suppose -2*z = -a + 201159, -z + 1005784 = -51*a + 56*a. Is a a prime number?
False
Suppose 151759 + 595291 = 50*g. Is g a prime number?
False
Let n be 27/(-21) + 6/21. Let z be 5/(4/(n + 1341)). Suppose 3*t + z = 8*t. Is t a composite number?
True
Suppose 4*c = 15*c - 55. Let k(x) = -x**3 + 4*x**2 + 4*x + 2. Let m be k(c). Is m*(-8795)/45 - 4/(-6) composite?
False
Let i = 8490 + -12634. Let u = -2091 - i. Is u a prime number?
True
Let h be -3 - (-108012)/(14/7). Let d = h + -14636. Is d a composite number?
False
Let y(m) = -4*m**3 + 16*m**2 + 21*m + 36. Is y(-5) prime?
False
Let a(z) = 34265*z + 72. Is a(1) a prime number?
True
Let j = 812 + 1144. Let k = j + -722. Is k composite?
True
Let f = -28504 - -60611. Is f a prime number?
False
Let n be (-1 - ((1 - 2) + 5)) + 8. Suppose n*a = -7*a + 155510. Is a a composite number?
False
Let z = 920 + 1084. Is z/3*((-60)/(-8) + -7) composite?
True
Let t be (6/(-15))/(1 - (-12)/(-10)). Suppose -7*m - 46290 = -t*m. Let d = -6209 - m. Is d composite?
False
Suppose -47*u = 73*u + 47*u - 127260847. Is u a prime number?
False
Let m = -19249 + 49140. Suppose m = 25*n - 435834. Is n prime?
False
Let b(k) = -3*k**2 - 10*k + 8. Let g be b(-4). Suppose 5*m - 29818 - 27677 = g. Is m a prime number?
False
Is 2/(6/(10/5)*(-6)/(-1036809)) a composite number?
False
Suppose 39*o - 21*o - 144 = 0. Is (-1613 + (-40)/o)/((-6)/3) prime?
True
Suppose -n = -9*n + 566576. Is n/238 - (-6)/28*2 prime?
False
Let h = -120 - -132. Suppose -24269 = -h*n + 25687. Is n composite?
True
Let f(i) = 67*i**3 - 8*i**2 + 11*i - 39. Is f(10) prime?
True
Let w = -176725 + 249030. Is w composite?
True
Suppose -m - 60 = 14*m, 5*z - 5*m - 4740565 = 0. Is z prime?
False
Suppose 257*c = 47636529 + 10334704. Is c prime?
True
Let f(u) = 67*u**2 + 9*u - 16. Let w be f(-13). Let c = w + -3497. Suppose -17*b + c + 12180 = 0. Is b composite?
True
Let f = -8759 + 711196. Is f a composite number?
True
Let u be 5 + -8 + 33 + -3. Is 2983*-1*u/(-27) a composite number?
True
Let n(l) = 8300*l + 1151. Is n(111) a composite number?
False
Let p(i) = -2*i + 16. Let o be p(-7). Suppose -2*q - o = -36. Suppose -5*m - q*c = -2338, -6*c + 2*c = -4. Is m a prime number?
True
Let j(z) = 64*z**2 - 17*z + 13. Let y be j(14). Suppose -8*g = 3*i - 10*g - y, -4*i + 4*g = -16428. Is i a composite number?
True
Let f(n) = -n**3 - 4*n**2 - n - 28. Let h be f(-5). Let a = 6 + -2. Is a/4*526/h composite?
False
Let v be -3 + (8/2 - -1). Suppose -5*y + 6*h = v*h - 46, 3*y - 6 = -3*h. Suppose 4*o = -4*r + 8808, 2*r + o + 8803 = y*r. Is r a prime number?
False
Let w = 14 + 38. Let s = -56 + w. Is (-1)/s*19060/5 prime?
True
Let u(m) = -1182*m**3 - 20*m**2 - 7*m - 3. Is u(-4) composite?
False
Suppose -14723 = -5*t - h, 7*h - 3*h = t - 2953. Let g(w) = -3*w - 12. Let k be g(-5). Suppose 1407 - 5331 = -4*f + 2*v, t = k*f - v. Is f composite?
False
Suppose 4*c + 5*m + 235 = -334, c - 4*m = -158. Let z(u) = 35*u - 5. Let g be z(-8). Let x = c - g. Is x composite?
False
Is 13*(-207)/(-299) + 160299 + 1 prime?
True
Suppose 11*v = 13*v + 330. Let h = 358 + v. Suppose 483 = 2*p - n - h, -3*p + 1009 = n. Is p a composite number?
False
Let f(m) = 1099*m**2 - 50*m - 15. Let y be f(-8). Suppose -y = -15*h + 5674. Is h composite?
True
Let h = -108368 - -246297. Is h a composite number?
True
Suppose -5*y = -7 - 13. Suppose 0 = -2*c + 4*c - y. Suppose q + 3*s = 561 - 82, q - c*s - 499 = 0. Is q composite?
False
Suppose 0 = 10*b - b - 19683. Let h = b - -80. Is h a composite number?
False
Suppose -4 = -2*x - 8. Let v be 18/x*(-2 - 34). Suppose 3*a = 555 + v. Is a a prime number?
True
Let t(g) = 982*g - 94. Let r be t(23). Is r/6 - 12/(-36) prime?
False
Suppose 17*i - 15*i = 4. Suppose -5*b + 4*a + 418 + 271 = 0, -i*a = 4*b - 572. Suppose -143*p + b*p = -3326. Is p a composite number?
False
Suppose 84*n = 79*n - 28320. Let h = 2779 + n. Let p = -1126 - h. Is p a prime number?
True
Suppose -p + 33708 = -27263. Let x be p/(-5) - (-20)/(-25). Is -4*1 - (x/3)/3 a prime number?
False
Let u(i) = -7*i**3 + 39*i**2 - 28*i + 749. Is u(-40) a prime number?
True
Is 2/10 + (-10624978)/(-35) a composite number?
False
Let s be 10/(-65) - (56/(-26) - -2). Suppose s*n - 5*n = -50. Suppose 6*r - r + 562 = q, -2*r + n = 0. Is q a composite number?
False
Is ((9 - 11) + 1)*(-1)/((-2)/(-251954)) a prime number?
False
Suppose 5*q + 3*c - 238900 = 0, 24*q = 29*q - 3*c - 238870. Is q prime?
True
Let b = 1 + 2. Suppose 0 = -3*o + 5*o + 4, -b*k + 22849 = 4*o. Is k prime?
False
Let y be 10/6*36/10. Suppose -59*d + 60*d = y. Is 4714/14 + (d/(-7))/(-3) a prime number?
True
Let c(l) = -2*l**2 - l. Let a be c(1). Let p = 141 + -140. Is p + (a - -1598) - -1 a composite number?
False
Let w be (0 - 1404/(-45))*(-10)/3. Let f = w - -595. Is f a prime number?
True
Suppose 0 = 15*l - 1504941 - 167092 - 207242. Is l a composite number?
True
Suppose -49347119 - 124301315 = -164*m + 57655362. Is m composite?
True
Let i(p) = -p**2 - 15*p - 11. Let k be i(-15). Let c = 20 + k. Let n(z) = 6*z**2 - 19*z - 8. Is n(c) a composite number?
False
Suppose -3*x - j - 424 = 0, 5*x + 280 = 4*j - 404. Let o be -1*(1156/102)/(2/(-51)). Let p = x + o. Is p prime?
True
Suppose -15*f - 128*f = -17401241. Is f a prime number?
True
Let s = -19166 + 34190. Let x = s + -3619. Is x composite?
True
Let t = -20474 + 29779. Is t composite?
True
Suppose -4*f + 30 = -2*i, -5*i + 4*f + 0*f = 51. Let z(v) = 5*v + 32. Let d be z(i). Is (-1 - ((-859)/1 - -2)) + d a prime number?
True
Let n(c) = 8*c + 80. Let v be n(-13). Is 7086 - (-11 - v/4) composite?
True
Let t = -46 + 47. Let l(r) = r - 126*r**3 + r**2 + 1 - t + 1. Is l(-1) a composite number?
False
Let t(z) = 2*z**2 - z - 10. Let g be t(3). Suppose -g*m - 5*c + 3213 = -m, -4*m + 2*c = -3178. Is m prime?
True
Let i be 3 + 24/6 + 2903. Let r = 4313 - i. Is r prime?
False
Suppose 4*l + 4*o + 245 = -31, -4*l + o = 296. Let z = 76 + l. Suppose -5384 = z*y - 11*y. Is y prime?
True
Let r(u) = 27*u**3 - 2*u**2 - 15. Let a be r(4). Suppose 1385 = 6*p - a. Is p a prime number?
False
Let s(q) = 3268*q**2 + 127*q + 70. Is s(11) composite?
True
Suppose 0 = 23*u + 17*u - 200. Let t(s) = 41*s**3 - 3*s**2 + 16*s - 41. Is t(u) prime?
False
Let n(d) = 19*d**3 - d**2 + 7*d + 17. Let c be 5/6*(2 + -5)*-2. Is n(c) prime?
False
Suppose 2037824 = 122*k - 16261322. Is k composite?
False
Is (73435380/28)/3 - (450/105)/(-15) a prime number?
False
Suppose -4*s - 6128 = -4*r - 0*s, 5*r = -s + 7636. Let k = r + 3163. Is k composite?
False
Let u(r) = -13896*r - 201. Is u(-3) composite?
True
Let l(q) = -q**3 + 32*q**2 - 49*q - 81. Is l(20) a prime number?
True
Let x be 3/1 - ((0 - -7) + -6). Suppose -l + 5*m + 3789 = 0, -7*l + 3*l + 15228 = -x*m. Is l prime?
False
Suppose s + 5*y - 278 = 574, 2*y = -2. Suppose 860*p = s*p + 29379. Is p composite?
True
Let u(p) = -628*p + 6*p**2 - 7 + 643*p + 2*p**3 - 3*p**3. Let m be u(7). Let a = m + 244. Is a prime?
True
Suppose 0 = -4*h + 3*o + 104071, -3*h - 3*o + 42515 + 35575 = 0. Is h composite?
True
Let s be (0 + 8)*(-81858)/(-168). Suppose 87 = i - s. Is i a prime number?
False
Let s(t) = 498*t**2 - 26*t - 5. Let z be s(11). Suppose k = 10*k - z. Is k a prime number?
False
Let f = 56 - 59. Is 554 - (f - -3 - 3) c